{"id":334,"date":"2026-04-15T12:29:24","date_gmt":"2026-04-15T12:29:24","guid":{"rendered":"https:\/\/des-ag.net\/?page_id=334"},"modified":"2026-04-16T07:57:12","modified_gmt":"2026-04-16T07:57:12","slug":"das-unternehmen","status":"publish","type":"page","link":"https:\/\/des-ag.net\/?page_id=334","title":{"rendered":"Das Unternehmen"},"content":{"rendered":"\t\t<div data-elementor-type=\"wp-page\" data-elementor-id=\"334\" class=\"elementor elementor-334\">\n\t\t\t\t<div class=\"elementor-element elementor-element-0cfdf03 e-flex e-con-boxed e-con e-parent\" data-id=\"0cfdf03\" data-element_type=\"container\" data-e-type=\"container\">\n\t\t\t\t\t<div class=\"e-con-inner\">\n\t\t\t\t<div class=\"elementor-element elementor-element-b248264 elementor-widget elementor-widget-image\" data-id=\"b248264\" data-element_type=\"widget\" data-e-type=\"widget\" data-widget_type=\"image.default\">\n\t\t\t\t\t\t\t\t\t\t\t\t\t\t\t<img fetchpriority=\"high\" decoding=\"async\" width=\"800\" height=\"434\" src=\"https:\/\/des-ag.net\/wp-content\/uploads\/2026\/04\/Administrator-DES-AG-1024x555.png\" class=\"attachment-large size-large wp-image-256\" alt=\"\" srcset=\"https:\/\/des-ag.net\/wp-content\/uploads\/2026\/04\/Administrator-DES-AG-1024x555.png 1024w, https:\/\/des-ag.net\/wp-content\/uploads\/2026\/04\/Administrator-DES-AG-300x163.png 300w, https:\/\/des-ag.net\/wp-content\/uploads\/2026\/04\/Administrator-DES-AG-768x416.png 768w, https:\/\/des-ag.net\/wp-content\/uploads\/2026\/04\/Administrator-DES-AG.png 1536w\" sizes=\"(max-width: 800px) 100vw, 800px\" \/>\t\t\t\t\t\t\t\t\t\t\t\t\t\t\t<\/div>\n\t\t\t\t\t<\/div>\n\t\t\t\t<\/div>\n\t\t<div class=\"elementor-element elementor-element-14a8d99 e-flex e-con-boxed e-con e-parent\" data-id=\"14a8d99\" data-element_type=\"container\" data-e-type=\"container\">\n\t\t\t\t\t<div class=\"e-con-inner\">\n\t\t\t\t<div class=\"elementor-element elementor-element-a3f0fe4 elementor-widget elementor-widget-text-editor\" data-id=\"a3f0fe4\" data-element_type=\"widget\" data-e-type=\"widget\" data-widget_type=\"text-editor.default\">\n\t\t\t\t\t\t\t\t\t<h3>Unternehmensdaten<\/h3><p><strong>Gegr\u00fcndet<\/strong>\u00a0\u2013 Data Empire Systems wurde im Jahre 2001 als Aktiengesellschaft gegr\u00fcndet. Unsere B\u00fcros befinden sich Zentraler Lage in M\u00fcnchen.<\/p><p><strong>Mission<\/strong>\u00a0\u2013 Unser Kerngesch\u00e4ft ist der Aufbau und die Administration kompletter unternehmensweiter IT-Strukturen f\u00fcr kleine und mittelst\u00e4ndische Unternehmen.<\/p><p><strong>Kernkompetenzen<\/strong>\u00a0\u2013 Die Basis daf\u00fcr stellen hier Microsoft- oder Linux-Betriebssysteme zusammen mit den n\u00f6tigen Sicherheitseinrichtungen und Internetanbindungen.<\/p><p><strong>Internetanbindung<\/strong>\u00a0\u2013 \u00dcber unternehmenseigene Webserver hosten wir die Internetauftritte und betreiben ebenfalls zahlreiche Mailserver f\u00fcr unsere Kunden.<\/p>\t\t\t\t\t\t\t\t<\/div>\n\t\t\t\t\t<\/div>\n\t\t\t\t<\/div>\n\t\t<div class=\"elementor-element elementor-element-0a9d79d e-flex e-con-boxed e-con e-parent\" data-id=\"0a9d79d\" data-element_type=\"container\" data-e-type=\"container\">\n\t\t\t\t\t<div class=\"e-con-inner\">\n\t\t\t\t<div class=\"elementor-element elementor-element-7ed4e2e elementor-widget elementor-widget-text-editor\" data-id=\"7ed4e2e\" data-element_type=\"widget\" data-e-type=\"widget\" data-widget_type=\"text-editor.default\">\n\t\t\t\t\t\t\t\t\t<p>Die IT-Infrastruktur ist der Kernpunkt der Kommunikationsstrukturen eines Unternehmens und Grundlage der Arbeitsabl\u00e4ufe. Damit Ihre elektronischen Kommunikationswege effizient, schnell und sicher funktionieren, bieten wir Ihnen von der Beratung \u00fcber die Planung und Implementierung bis hin zu Wartung und Support, alle Leistungen zur IT-Infrastruktur einschlie\u00dflich der Internet-Services an.<\/p><div class=\"fixed\"><div class=\"col-340 \"><p>Wir k\u00f6nnen unsere Zusammenarbeit je nach Anforderung sehr flexibel gestalten. Sie reicht vom einfachen Support bis hin zur komplexen Betreuung Ihrer IT-Infrastruktur. Wir legen hierbei sehr hohen Wert auf gute Kommunikation\u00a0 und kompetente Umsetzung Ihrer Ziele.<\/p><p>Die moderne Kommunikations- und Datentechnik hat in der Vergangenheit gewaltige Fortschritte gemacht und stellt hohe Anforderungen an Mitarbeiter und eingesetzte Technik. Um diese Flut an technischen Neuerungen zu bew\u00e4ltigen, braucht man heute viel Zeit, fundiertes Wissen und kompetente Partner.<\/p><\/div><\/div>\t\t\t\t\t\t\t\t<\/div>\n\t\t\t\t\t<\/div>\n\t\t\t\t<\/div>\n\t\t<div class=\"elementor-element elementor-element-be65c8b e-flex e-con-boxed e-con e-parent\" data-id=\"be65c8b\" data-element_type=\"container\" data-e-type=\"container\">\n\t\t\t\t\t<div class=\"e-con-inner\">\n\t\t<div class=\"elementor-element elementor-element-1c0854e e-con-full e-flex e-con e-child\" data-id=\"1c0854e\" data-element_type=\"container\" data-e-type=\"container\">\n\t\t\t\t<div class=\"elementor-element elementor-element-5985ccb elementor-widget elementor-widget-text-editor\" data-id=\"5985ccb\" data-element_type=\"widget\" data-e-type=\"widget\" data-widget_type=\"text-editor.default\">\n\t\t\t\t\t\t\t\t\t<h3>Warum entscheiden sich unsere Kunden f\u00fcr uns?<\/h3><p>Wir helfen Ihnen, dieses Wissen in Ihrem Unternehmen sinnvoll einzusetzen<br \/>und unterst\u00fctzen Sie mit unserem Know-how in folgenden Bereichen:<\/p><div class=\"checklist\"><ul><li>IT-Infrastruktur<\/li><li>Netzwerksicherheit<\/li><li>Outsourcing<\/li><li>Informationstechnologien<\/li><li>Wartung und Support<\/li><li>Web-Hosting<\/li><li>Mail-Hosting<\/li><\/ul><p>\u00a0<\/p><p><strong>Freir\u00e4ume erleben mit Cleverer Informationstechnologie.<\/strong><\/p><\/div>\t\t\t\t\t\t\t\t<\/div>\n\t\t\t\t<\/div>\n\t\t<div class=\"elementor-element elementor-element-48332a0 e-con-full e-flex e-con e-child\" data-id=\"48332a0\" data-element_type=\"container\" data-e-type=\"container\">\n\t\t\t\t<div class=\"elementor-element elementor-element-d5a8522 elementor-widget elementor-widget-image\" data-id=\"d5a8522\" data-element_type=\"widget\" data-e-type=\"widget\" data-widget_type=\"image.default\">\n\t\t\t\t\t\t\t\t\t\t\t\t\t\t\t<img decoding=\"async\" width=\"800\" height=\"534\" src=\"https:\/\/des-ag.net\/wp-content\/uploads\/2026\/04\/Copilot_20260415_135450-1024x683.png\" class=\"attachment-large size-large wp-image-312\" alt=\"\" srcset=\"https:\/\/des-ag.net\/wp-content\/uploads\/2026\/04\/Copilot_20260415_135450-1024x683.png 1024w, https:\/\/des-ag.net\/wp-content\/uploads\/2026\/04\/Copilot_20260415_135450-300x200.png 300w, https:\/\/des-ag.net\/wp-content\/uploads\/2026\/04\/Copilot_20260415_135450-768x512.png 768w, https:\/\/des-ag.net\/wp-content\/uploads\/2026\/04\/Copilot_20260415_135450.png 1536w\" sizes=\"(max-width: 800px) 100vw, 800px\" \/>\t\t\t\t\t\t\t\t\t\t\t\t\t\t\t<\/div>\n\t\t\t\t<\/div>\n\t\t\t\t\t<\/div>\n\t\t\t\t<\/div>\n\t\t<div class=\"elementor-element elementor-element-e01b955 e-flex e-con-boxed e-con e-parent\" data-id=\"e01b955\" data-element_type=\"container\" data-e-type=\"container\">\n\t\t\t\t\t<div class=\"e-con-inner\">\n\t\t\t\t\t<\/div>\n\t\t\t\t<\/div>\n\t\t\t\t<\/div>\n\t\t","protected":false},"excerpt":{"rendered":"<p>Unternehmensdaten Gegr\u00fcndet\u00a0\u2013 Data Empire Systems wurde im Jahre 2001 als Aktiengesellschaft gegr\u00fcndet. Unsere B\u00fcros befinden sich Zentraler Lage in M\u00fcnchen. Mission\u00a0\u2013 Unser Kerngesch\u00e4ft ist der Aufbau und die Administration kompletter unternehmensweiter IT-Strukturen f\u00fcr kleine und mittelst\u00e4ndische Unternehmen. Kernkompetenzen\u00a0\u2013 Die Basis daf\u00fcr stellen hier Microsoft- oder Linux-Betriebssysteme zusammen mit den n\u00f6tigen Sicherheitseinrichtungen und Internetanbindungen. Internetanbindung\u00a0\u2013 \u00dcber [&hellip;]<\/p>\n","protected":false},"author":2,"featured_media":0,"parent":0,"menu_order":0,"comment_status":"closed","ping_status":"closed","template":"","meta":{"footnotes":""},"class_list":["post-334","page","type-page","status-publish","hentry"],"_links":{"self":[{"href":"https:\/\/des-ag.net\/index.php?rest_route=\/wp\/v2\/pages\/334","targetHints":{"allow":["GET"]}}],"collection":[{"href":"https:\/\/des-ag.net\/index.php?rest_route=\/wp\/v2\/pages"}],"about":[{"href":"https:\/\/des-ag.net\/index.php?rest_route=\/wp\/v2\/types\/page"}],"author":[{"embeddable":true,"href":"https:\/\/des-ag.net\/index.php?rest_route=\/wp\/v2\/users\/2"}],"replies":[{"embeddable":true,"href":"https:\/\/des-ag.net\/index.php?rest_route=%2Fwp%2Fv2%2Fcomments&post=334"}],"version-history":[{"count":13,"href":"https:\/\/des-ag.net\/index.php?rest_route=\/wp\/v2\/pages\/334\/revisions"}],"predecessor-version":[{"id":351,"href":"https:\/\/des-ag.net\/index.php?rest_route=\/wp\/v2\/pages\/334\/revisions\/351"}],"wp:attachment":[{"href":"https:\/\/des-ag.net\/index.php?rest_route=%2Fwp%2Fv2%2Fmedia&parent=334"}],"curies":[{"name":"wp","href":"https:\/\/api.w.org\/{rel}","templated":true}]}}